composite?
True
Is 11879423 prime?
False
Is 554851 prime?
False
Is 1158358 a prime number?
False
Is 7421003 prime?
True
Is 149173207 prime?
True
Is 513167737 prime?
True
Is 18569843 a composite number?
True
Is 242138371 a prime number?
False
Is 8354067 composite?
True
Is 57526655 a composite number?
True
Is 11960119 composite?
True
Is 787978967 a composite number?
False
Is 24256509 composite?
True
Is 1657691 a composite number?
True
Is 62804689 composite?
True
Is 72764903 a composite number?
True
Is 10843351 a composite number?
False
Is 1006643 a composite number?
True
Is 87030949 composite?
False
Is 2494221 composite?
True
Is 4122767 prime?
False
Is 627907267 a prime number?
False
Is 4932209 prime?
True
Is 1635157 composite?
True
Is 15069739 a composite number?
False
Is 561326719 a composite number?
False
Is 4832041 a composite number?
True
Is 51794981 a prime number?
False
Is 6775898 prime?
False
Is 48971957 a prime number?
False
Is 1620769 composite?
False
Is 336629407 a composite number?
False
Is 9613673 a composite number?
True
Is 9598507 prime?
False
Is 24553733 a composite number?
False
Is 43283437 prime?
False
Is 61912801 a composite number?
False
Is 96466091 composite?
False
Is 25519517 prime?
True
Is 243768997 composite?
False
Is 498823 prime?
False
Is 748777 a prime number?
True
Is 1468543 composite?
False
Is 26983861 a composite number?
False
Is 134048477 prime?
False
Is 87512771 a composite number?
False
Is 20284907 a prime number?
False
Is 14143321 prime?
False
Is 21003241 prime?
False
Is 4723907 a prime number?
False
Is 1443894941 a composite number?
False
Is 463977161 prime?
True
Is 27527891 prime?
True
Is 17490061 a composite number?
True
Is 22966 prime?
False
Is 89088943 composite?
True
Is 4800253 a composite number?
False
Is 20611 a prime number?
True
Is 72482 a prime number?
False
Is 122160281 a composite number?
True
Is 6925911 a prime number?
False
Is 154712251 composite?
False
Is 5128603 a prime number?
True
Is 4993895 composite?
True
Is 253558507 composite?
False
Is 4206913 prime?
False
Is 51664619 a prime number?
True
Is 164820233 a prime number?
True
Is 1137953383 a prime number?
False
Is 23601041 a prime number?
False
Is 3763853 a prime number?
False
Is 3292327 prime?
True
Is 10681747 prime?
True
Is 972847 a prime number?
True
Is 49942987 a prime number?
False
Is 1306493 a prime number?
False
Is 79964887 a composite number?
True
Is 4339231 a prime number?
False
Is 108354769 composite?
False
Is 10009313 composite?
False
Is 19791769 composite?
False
Is 162859639 prime?
False
Is 4700017 composite?
True
Is 34062841 prime?
False
Is 269520011 a composite number?
True
Is 2444801 composite?
False
Is 1606057 composite?
True
Is 10653785 prime?
False
Is 10750349 prime?
True
Is 3833033 prime?
True
Is 247565609 a prime number?
True
Is 77187167 a prime number?
True
Is 31648807 a prime number?
True
Is 410456391 prime?
False
Is 151239821 a composite number?
False
Is 78039219 a prime number?
False
Is 10027639 a prime number?
False
Is 2760481 prime?
False
Is 50622797 composite?
False
Is 150720083 prime?
True
Is 2147419 a composite number?
False
Is 11330051 prime?
False
Is 40387957 a composite number?
False
Is 1348838 composite?
True
Is 37340921 a prime number?
False
Is 1101341 composite?
False
Is 137651 prime?
False
Is 5238461 prime?
True
Is 805542007 a composite number?
False
Is 31985621 a prime number?
False
Is 17996767 a composite number?
True
Is 157038242 a composite number?
True
Is 11516087 a prime number?
False
Is 938935 a composite number?
True
Is 306435359 a composite number?
False
Is 30568661 a composite number?
False
Is 8990747 composite?
False
Is 99692003 a prime number?
True
Is 39345407 prime?
True
Is 37845097 composite?
True
Is 8640593 a composite number?
True
Is 93191369 composite?
False
Is 62891149 composite?
False
Is 4811887 prime?
False
Is 11440687 prime?
True
Is 99016079 a prime number?
True
Is 5586781 prime?
True
Is 16130859 a composite number?
True
Is 2722673 a composite number?
True
Is 2557417 a composite number?
False
Is 3167081 prime?
True
Is 4865603 a composite number?
False
Is 596227 prime?
True
Is 4034011 a prime number?
True
Is 2143239161 composite?
True
Is 2333459 a prime number?
True
Is 93888121 prime?
True
Is 597525041 a composite number?
False
Is 527221 composite?
True
Is 11424433 composite?
False
Is 1776659 a composite number?
False
Is 10504826 composite?
True
Is 12517223 a composite number?
True
Is 162251531 a prime number?
False
Is 303697 prime?
False
Is 4993517 a prime number?
True
Is 43705423 prime?
True
Is 198764503 prime?
False
Is 5009287 prime?
True
Is 128999467 composite?
False
Is 124327477 prime?
False
Is 513799877 prime?
True
Is 4511701 a prime number?
False
Is 127545487 a prime number?
True
Is 303856603 a prime number?
False
Is 682603 a composite number?
True
Is 7807673 prime?
True
Is 129412663 prime?
True
Is 826378481 prime?
True
Is 684329 composite?
False
Is 20257771 a prime number?
False
Is 8085893 a prime number?
True
Is 90630781 composite?
False
Is 15885579 composite?
True
Is 343381177 prime?
False
Is 192775333 composite?
False
Is 7079 prime?
True
Is 100586989 a prime number?
False
Is 112926191 prime?
False
Is 30016307 a prime number?
True
Is 658907 a composite number?
False
Is 111689 prime?
False
Is 7535095 composite?
True
Is 785053 prime?
True
Is 394658339 prime?
True
Is 12053641 a prime number?
False
Is 19097417 composite?
False
Is 436099 composite?
True
Is 19274845 composite?
True
Is 324894133 composite?
False
Is 30191377 prime?
True
Is 482202269 a composite number?
False
Is 4327937 composite?
False
Is 94726715 prime?
False
Is 3528089 a composite number?
False
Is 76709569 a prime number?
True
Is 145037819 a prime number?
True
Is 698671571 a prime number?
False
Is 3260591 a composite number?
False
Is 4114591 composite?
True
Is 364357361 a prime number?
False
Is 11673553 a composite number?
False
Is 5417941 prime?
False
Is 5878799 prime?
True
Is 3847 a composite number?
False
Is 5093699 a prime number?
False
Is 2425298 a composite number?
True
Is 19253033 a prime number?
False
Is 67708019 a prime number?
True
Is 46325723 prime?
False
Is 32982077 a prime number?
False
Is 171500827 a composite number?
True
Is 2662340755 composite?
True
Is 371881733 prime?
False
Is 35288653 a composite number?
False
Is 11412319 a prime number?
True
Is 30909161 prime?
True
Is 225883817 prime?
False
Is 8572939 a prime number?
False
Is 119683 a prime number?
False
Is 11842879 a prime number?
True
Is 41984797 a prime number?
True
Is 3251909 prime?
True
Is 72636269 a composite number?
False
Is 4045115 prime?
False
Is 8896463 composite?
True
Is 7636649 a prime number?
False
Is 32777341 a composite number?
True
Is 631901 a composite number?
False
Is 1666253 a composite number?
True
Is 109195643 a composite number?
True
Is 167130763 composite?
True
Is 1857887 prime?
True
Is 38387567 a composite number?
True
Is 323998 prime?
False
Is 64319963 a prime number?
False
Is 1167259 prime?
False
Is 17669999 a composite number?
True
Is 29949299 a prime number?
False
Is 8545967 prime?
True
Is 48431741 a composite number?
True
Is 2870039 prime?
True
Is 551832989 a prime number?
True
Is 211049177 composite?
True
Is 209770999 prime?
True
Is 94065227 prime?
True
Is 31124873 prime?
False
Is 1218363301 a prime number?
True
Is 27786431 a composite number?
False
Is 150709853 a prime number?
False
Is 12033751 prime?
False
Is 453209 a composite number?
False
Is 4689233 prime?
False
Is 194869889 composite?
True
Is 129118027 composite?
False
Is 39773717 a composite number?
False
Is 381091 prime?
False
Is 2512093 a composite number?
False
Is 5648999 composite?
False
Is 1908703 prime?
True
Is 6684529 composite?
True
Is 6986977 a prime number?
True
Is 12735101 composite?
False
Is 20210143 prime?
True
Is 549529 a composite number?
True
Is 586920881 a composite number?
False
Is 54701 a composite number?
True
Is 44860537 a composite number?
False
Is 35638219 a composite number?
False
Is 10728371 a prime number?
False
Is 129305137 composite?
True
Is 66935723 composite?
True
Is 61337599 prime?
False
Is 744073019 prime?
False
Is 28181197 a prime number?
False
Is 200503357 prime?
True
Is 36624481 a prime number?
False
Is 127932409 composite